emainder when 35911 is divided by 3989?
10
Calculate the remainder when 19441034 is divided by 347.
12
Calculate the remainder when 7554861 is divided by 1525.
11
What is the remainder when 100547370 is divided by 57?
54
Calculate the remainder when 17485935 is divided by 26255.
105
What is the remainder when 4384798 is divided by 15?
13
Calculate the remainder when 79765518 is divided by 2156.
2142
Calculate the remainder when 6297240 is divided by 2275.
40
Calculate the remainder when 4874028 is divided by 490.
488
Calculate the remainder when 10433 is divided by 1277.
217
What is the remainder when 17638848 is divided by 191?
189
What is the remainder when 3501290 is divided by 9?
2
Calculate the remainder when 445975 is divided by 165.
145
Calculate the remainder when 231170693 is divided by 917344.
5
What is the remainder when 5283836 is divided by 440308?
140
What is the remainder when 19007520 is divided by 109?
100
Calculate the remainder when 69873 is divided by 69249.
624
Calculate the remainder when 2177755 is divided by 725908.
31
What is the remainder when 27338407 is divided by 1727?
1724
Calculate the remainder when 6739712 is divided by 1559.
155
What is the remainder when 3061243 is divided by 74?
11
Calculate the remainder when 78389 is divided by 1197.
584
Calculate the remainder when 25883540 is divided by 79.
59
What is the remainder when 50444 is divided by 2964?
56
What is the remainder when 7546570 is divided by 47166?
10
Calculate the remainder when 6885906 is divided by 982.
122
Calculate the remainder when 336680 is divided by 109786.
7322
Calculate the remainder when 28601327 is divided by 716.
707
What is the remainder when 5845748 is divided by 869?
854
What is the remainder when 709492 is divided by 9020?
5932
Calculate the remainder when 3397536 is divided by 19526.
12
Calculate the remainder when 155696 is divided by 704.
112
Calculate the remainder when 652431 is divided by 245.
241
Calculate the remainder when 690183 is divided by 3944.
3927
What is the remainder when 4201229 is divided by 22?
21
What is the remainder when 62276 is divided by 7778?
52
What is the remainder when 352767 is divided by 911?
210
What is the remainder when 11955318 is divided by 6109?
5
Calculate the remainder when 772483 is divided by 257130.
1093
Calculate the remainder when 866095 is divided by 21106.
749
Calculate the remainder when 316119 is divided by 360.
39
What is the remainder when 6577059 is divided by 2192349?
12
What is the remainder when 111438755 is divided by 971?
969
What is the remainder when 82667200 is divided by 169400?
0
What is the remainder when 712666243 is divided by 25?
18
Calculate the remainder when 21210380 is divided by 14709.
2
Calculate the remainder when 10656754 is divided by 204937.
30
Calculate the remainder when 231057 is divided by 218.
195
Calculate the remainder when 2293379 is divided by 18.
17
What is the remainder when 6502836 is divided by 361263?
102
What is the remainder when 2968 is divided by 1473?
22
Calculate the remainder when 4978979 is divided by 4623.
8
Calculate the remainder when 1929785 is divided by 598.
39
Calculate the remainder when 691046 is divided by 441.
440
Calculate the remainder when 407217 is divided by 1470.
27
Calculate the remainder when 4891 is divided by 213.
205
Calculate the remainder when 8098311 is divided by 1619651.
56
What is the remainder when 137273941 is divided by 123?
37
Calculate the remainder when 1843707 is divided by 836.
327
What is the remainder when 124061398 is divided by 1756?
1754
Calculate the remainder when 11520863 is divided by 5760424.
15
What is the remainder when 12378270 is divided by 29?
26
What is the remainder when 4035511 is divided by 43?
4
Calculate the remainder when 121326829 is divided by 215884.
21
Calculate the remainder when 351981 is divided by 610.
11
What is the remainder when 343333 is divided by 5456?
5061
Calculate the remainder when 63540 is divided by 1926.
1908
Calculate the remainder when 2627031 is divided by 2331.
2325
What is the remainder when 4291140 is divided by 12621?
0
What is the remainder when 7886 is divided by 7786?
100
Calculate the remainder when 40143990 is divided by 8.
6
Calculate the remainder when 719301 is divided by 359646.
9
What is the remainder when 121629 is divided by 23568?
3789
Calculate the remainder when 161159 is divided by 52336.
4151
Calculate the remainder when 843288 is divided by 9909.
1023
What is the remainder when 44828067 is divided by 239?
32
What is the remainder when 12172 is divided by 11180?
992
What is the remainder when 3450069 is divided by 1150017?
18
What is the remainder when 482239 is divided by 10021?
1231
Calculate the remainder when 43470746 is divided by 4787.
4786
Calculate the remainder when 51736 is divided by 199.
195
Calculate the remainder when 4365 is divided by 188.
41
What is the remainder when 9727898 is divided by 14?
12
Calculate the remainder when 366131 is divided by 7884.
3467
What is the remainder when 2765043729 is divided by 236?
233
Calculate the remainder when 18825637 is divided by 116.
113
What is the remainder when 14808 is divided by 14732?
76
What is the remainder when 732955 is divided by 46?
37
Calculate the remainder when 100314 is divided by 100037.
277
Calculate the remainder when 1393259 is divided by 47.
38
Calculate the remainder when 29640 is divided by 1598.
876
What is the remainder when 1173497 is divided by 1093?
708
Calculate the remainder when 8732173 is divided by 44.
21
What is the remainder when 33913075 is divided by 914?
19
What is the remainder when 801110 is divided by 33?
2
Calculate the remainder when 168393 is divided by 2521.
2007
What is the remainder when 1911585 is divided by 5321?
1346
What is the remainder when 209298 is divided by 214?
6
Calculate the remainder when 22317 is divided by 607.
465
Calculate the remainder when 1259829 is divided by 419899.
132
Calculate the remainder when 295975 is divided by 1495.
1460
Calculate the remainder when 1514342 is divided by 283.
9
What is the remainder when 525240 is divided by 4896?
1368
Calculate the remainder when 1929166 is divided by 102.
40
What is the remainder when 3799258 is divided by 194?
156
Calculate the remainder when 70372 is divided by 4067.
1233
Calculate the remainder when 11082072 is divided by 45.
12
Calculate the remainder when 3951162 is divided by 740.
302
What is the remainder when 890021 is divided by 6267?
107
What is the remainder when 188547 is divided by 413?
219
What is the remainder when 3825881 is divided by 19?
3
What is the remainder when 990596 is divided by 937?
187
Calculate the remainder when 24214851 is divided by 410421.
12
Calculate the remainder when 1428991 is divided by 1037.
5
Calculate the remainder when 127718457 is divided by 7.
6
Calculate the remainder when 515580 is divided by 3373.
2884
Calculate the remainder when 497613 is divided by 38103.
2274
What is the remainder when 13191735 is divided by 21?
18
What is the remainder when 696950 is divided by 2562?
86
Calculate the remainder when 34383518 is divided by 630.
8
Calculate the remainder when 253094 is divided by 398.
364
What is the remainder when 4867754 is divided by 124?
10
Calculate the remainder when 20046 is divided by 43.
8
Calculate the remainder when 321261 is divided by 40126.
253
What is the remainder when 198356 is divided by 14?
4
Calculate the remainder when 78332364 is divided by 4351797.
18
What is the remainder when 4926162 is divided by 171?
165
Calculate the remainder when 704024 is divided by 52.
48
Calculate the remainder when 856821 is divided by 595.
21
What is the remainder when 16237455 is divided by 8118718?
19
What is the remainder when 17660 is divided by 731?
116
Calculate the remainder when 16568629 is divided by 51.
4
What is the remainder when 75457 is divided by 4387?
878
Calculate the remainder when 15276 is divided by 1279.
1207
What is the remainder when 99369 is divided by 43?
39
What is the remainder when 55336 is divided by 7890?
106
What is the remainder when 6661686 is divided by 33644?
174
Calculate the remainder when 9811117 is divided by 446.
9
What is the remainder when 373983806 is divided by 704?
